a multiple of 9?
False
Is 279 a multiple of 40?
False
Is 7 a factor of 37811?
False
Is 13 a factor of 14443?
True
Is 42 a factor of 1100?
False
Is 1191 a multiple of 9?
False
Is 49 a factor of 4901?
False
Does 11 divide 296?
False
Is 565 a multiple of 27?
False
Does 35 divide 7025?
False
Does 14 divide 12530?
True
Is 2739 a multiple of 3?
True
Is 816 a multiple of 24?
True
Is 85 a factor of 2550?
True
Is 2405 a multiple of 6?
False
Is 15 a factor of 82620?
True
Does 16 divide 32?
True
Is 1158 a multiple of 6?
True
Does 182 divide 31896?
False
Does 56 divide 2464?
True
Does 40 divide 37745?
False
Is 46189 a multiple of 19?
True
Is 4324 a multiple of 47?
True
Does 5 divide 1605?
True
Does 20 divide 2540?
True
Is 365 a factor of 66430?
True
Is 11844 a multiple of 18?
True
Does 77 divide 1761?
False
Does 83 divide 3434?
False
Does 6 divide 2481?
False
Is 656 a multiple of 16?
True
Is 5707 a multiple of 123?
False
Does 43 divide 1161?
True
Is 821 a multiple of 36?
False
Is 14 a factor of 3612?
True
Is 330 a factor of 44231?
False
Does 92 divide 49945?
False
Does 23 divide 1341?
False
Is 21 a factor of 336?
True
Is 26551 a multiple of 6?
False
Is 41708 a multiple of 257?
False
Is 558 a multiple of 32?
False
Is 6636 a multiple of 7?
True
Does 4 divide 4007?
False
Is 20 a factor of 13645?
False
Does 12 divide 35718?
False
Is 30 a factor of 3900?
True
Does 9 divide 639?
True
Does 77 divide 5679?
False
Is 219 a multiple of 3?
True
Is 3719 a multiple of 15?
False
Is 3 a factor of 861?
True
Does 14 divide 381?
False
Is 54233 a multiple of 104?
False
Is 16 a factor of 25072?
True
Does 23 divide 42326?
False
Is 31 a factor of 310?
True
Is 7 a factor of 5096?
True
Is 82 a factor of 2378?
True
Is 9 a factor of 828?
True
Is 15 a factor of 40515?
True
Is 87 a multiple of 2?
False
Is 3 a factor of 3?
True
Is 54 a factor of 83?
False
Does 6 divide 162?
True
Is 585 a multiple of 3?
True
Is 993 a multiple of 18?
False
Is 44 a factor of 7612?
True
Is 5330 a multiple of 65?
True
Is 1530 a multiple of 170?
True
Is 100 a factor of 13652?
False
Does 30 divide 1240?
False
Is 59 a factor of 19647?
True
Does 8 divide 440?
True
Is 201 a factor of 16683?
True
Is 24 a factor of 13971?
False
Is 42068 a multiple of 225?
False
Is 5 a factor of 330?
True
Is 2 a factor of 7043?
False
Is 1811 a multiple of 14?
False
Is 5850 a multiple of 12?
False
Is 11 a factor of 1001?
True
Is 32 a factor of 41753?
False
Does 73 divide 7592?
True
Does 27 divide 9201?
False
Does 12 divide 200?
False
Does 60 divide 4054?
False
Does 29 divide 7743?
True
Does 39 divide 515?
False
Does 194 divide 19190?
False
Is 9 a factor of 5206?
False
Is 54 a factor of 22680?
True
Is 24 a factor of 1153?
False
Is 281 a factor of 6704?
False
Is 5 a factor of 30310?
True
Is 16 a factor of 33790?
False
Does 4 divide 4907?
False
Does 265 divide 114480?
True
Does 8 divide 19648?
True
Does 176 divide 32966?
False
Is 9 a factor of 13301?
False
Is 17825 a multiple of 118?
False
Is 23685 a multiple of 16?
False
Is 29744 a multiple of 241?
False
Is 765 a multiple of 8?
False
Is 2465 a multiple of 3?
False
Is 945 a multiple of 167?
False
Is 12 a multiple of 4?
True
Is 3960 a multiple of 40?
True
Is 58273 a multiple of 19?
True
Does 9 divide 459?
True
Does 31 divide 14074?
True
Is 15 a factor of 615?
True
Does 43 divide 730?
False
Is 8 a factor of 2447?
False
Does 11 divide 39799?
False
Does 108 divide 84412?
False
Is 1274 a multiple of 148?
False
Is 29 a factor of 10498?
True
Is 437 a multiple of 19?
True
Is 27580 a multiple of 4?
True
Does 3 divide 172?
False
Does 2 divide 15464?
True
Does 77 divide 1617?
True
Is 726 a multiple of 22?
True
Is 223 a multiple of 3?
False
Is 219 a multiple of 12?
False
Is 163 a multiple of 13?
False
Is 2 a factor of 458?
True
Does 31 divide 11315?
True
Is 11175 a multiple of 8?
False
Is 5922 a multiple of 21?
True
Is 12 a factor of 5243?
False
Is 678 a multiple of 8?
False
Is 14 a factor of 329?
False
Is 67796 a multiple of 250?
False
Is 525 a multiple of 75?
True
Is 32 a factor of 12981?
False
Does 145 divide 15424?
False
Is 30 a factor of 4260?
True
Is 13986 a multiple of 111?
True
Does 14 divide 493?
False
Is 8 a factor of 440?
True
Does 16 divide 560?
True
Does 9 divide 477?
True
Does 46 divide 9330?
False
Is 75 a multiple of 3?
True
Does 5 divide 15?
True
Is 34341 a multiple of 80?
False
Is 13 a factor of 4368?
True
Is 31 a factor of 2728?
True
Is 33270 a multiple of 45?
False
Is 1348 a multiple of 32?
False
Does 7 divide 33327?
True
Is 31115 a multiple of 5?
True
Does 2 divide 449?
False
Is 4 a factor of 250?
False
Is 240 a multiple of 12?
True
Does 12 divide 2037?
False
Is 24 a factor of 13832?
False
Does 22 divide 4183?
False
Is 35 a factor of 2171?
False
Does 42 divide 3528?
True
Is 6873 a multiple of 46?
False
Is 35 a factor of 3080?
True
Is 16 a factor of 9149?
False
Is 33 a factor of 26763?
True
Is 10175 a multiple of 25?
True
Does 18 divide 692?
False
Does 13 divide 402?
False
Is 720 a multiple of 40?
True
Is 84 a factor of 395?
False
Does 66 divide 2353?
False
Is 7 a factor of 5257?
True
Does 23 divide 47661?
False
Does 49 divide 4263?
True
Is 23 a multiple of 8?
False
Is 1661 a multiple of 18?
False
Is 20 a factor of 735?
False
Is 168 a factor of 5880?
True
Does 144 divide 46512?
True
Is 37 a factor of 666?
True
Is 84 a factor of 8322?
False
Does 2 divide 3618?
True
Is 27 a factor of 2511?
True
Is 14431 a multiple of 10?
False
Is 12544 a multiple of 56?
True
Is 109807 a multiple of 60?
False
Is 60 a multiple of 30?
True
Does 72 divide 936?
True
Is 39 a factor of 1833?
True
Is 51 a factor of 95599?
False
Is 6 a factor of 54?
True
Does 90 divide 10503?
False
Is 16 a factor of 1056?
True
Is 93 a factor of 3441?
True
Is 374 a multiple of 22?
True
Is 7 a factor of 58359?
True
Is 2600 a multiple of 10?
True
Does 28 divide 2584?
False
Is 21 a factor of 3591?
True
Is 32 a factor of 2465?
False
Is 97 a factor of 1256?
False
Is 24 a factor of 1800?
True
Is 7572 a multiple of 24?
False
Does 29 divide 16099?
False
Is 13 a factor of 143?
True
Does 74 divide 1702?
True
Does 6 divide 131?
False
Is 220 a multiple of 20?
True
Does 22 divide 748?
True
Does 8 divide 3104?
True
Is 2732 a multiple of 4?
True
Is 60121 a multiple of 115?
False
Does 4 divide 56?
True
Is 5 a factor of 234?
False
Does 44 divide 55616?
True
Is 2 a factor of 56?
True
Is 6170 a multiple of 61?
False
Is 585 a multiple of 45?
True
Does 8 divide 72071?
False
Is 21063 a multiple of 21?
True
Does 21 divide 2756?
False
Is 7575 a multiple of 25?
True
Is 648 a multiple of 12?
True
Is 450 a multiple of 15?
True
Does 29 divide 3161?
True
Is 16135 a multiple of 152?
False
Does 7 divide 693?
True
Does 27 divide 108?
True
Does 20 divide 11416?
False
Is 46 a factor of 7130?
True
Does 157 divide 6471?
False
Is 14 a factor of 16016?
True
Does 13 divide 5148?
True
Does 14 divide 582?
False
Is 9561 a multiple of 74?
False
Does 14 divide 125466?
False
Is 26 a factor of 257?
False
Is 10443 a multiple of 14?
False
Is 162 a factor of 22356?
True
Is 1296 a multiple of 54?
True
Does 80 divide 22000?
True
Is 182 a factor of 23114?
True
Does 14 divide 16929?
False
Does 11 divide 286?
True
Does 16 divide 14740?
False
Is 1368 a multiple of 152?
True
Is 16 a factor of 13919?
False
Does 5 divide 790?
True
Is 413 a factor of 101598?
True
Is 491 a multiple of 9?
False
Does 43 divide 19737?
True
Does 21 divide 19471?
False
Is 11655 a multiple of 63?
True
Is 8 a factor of 640?
True
Is 40414 a multiple of 242?
True
Does 17 divide 74?
False
Is 29 a factor of 4730?
False
Does 58 divide 4053?
False
Is 10 a factor of 3868?
False
Is 297 a multiple of 34?
False
Is 87 a factor of 2417?
False
Is 3044 a multiple of 12?
False
Is 5935 even?
False
Does 6 divide 7344?
True
Is 19 a factor of 646?
True
Is 4 a factor of 1730?
False
Does 15 divide 3677?
False
Does 85 divide 11390?
True
Is 1470 a multiple of 14?
True
Does 17 divide 3492?
False
Does 51 divide 6171?
True
Is 14 a factor of 3716?
False
Is 783 a multiple of 28?
False
Does 2 divide 154?
True
Does 13 divide 8312?
False
Is 28 a factor of 1680?
True
Does 113 divide 1820?
False
Is 37 a factor of 1026?
False
Is 245 a multiple of 35?
True
Does 156 divide 18413?
False
Is 109 a multiple of 6?
False
Does 13 divide 10988